07 + 553 = 0. What is the tens digit of z?
1
Let g be -2*(-4)/(-8)*-8. Let w(o) = -o**3 + 8*o**2 + 7*o - 7. What is the units digit of w(g)?
9
Suppose j - 3*j = -6. Suppose 4*c + 0*a = 5*a + 224, -c + j*a = -56. What is the units digit of c?
6
Let j(r) = r**2 + 8*r - 9. Let i(o) = o**2 - o - 9. Let g be i(0). Let m be j(g). Let p = 5 + m. What is the units digit of p?
5
Suppose 5*w + 25564 = 49*w. What is the tens digit of w?
8
Let g(n) = 10*n**3 + n**2 - 3*n + 1. Let r be g(2). Suppose r + 122 = 3*c. What is the units digit of c?
7
What is the hundreds digit of (-769 - 9)/(-2 + 4)*-2?
7
Suppose 2*r - 306 = -60. What is the tens digit of r?
2
Let t(u) = u - 3. Let p be t(12). Suppose 1233 = -p*n + 18*n. What is the units digit of n?
7
What is the tens digit of (-8944)/(-36) - (-16)/(-36)?
4
Let b(h) = 7*h - 12. Let n(c) = -6*c + 13. Let o(i) = 3*b(i) + 4*n(i). What is the tens digit of o(-15)?
6
What is the hundreds digit of ((-20)/56 - (-3)/(-21))*-562?
2
What is the units digit of ((-366)/(-18))/(3 - (-130)/(-45))?
3
Suppose 4*k + 0*o + 4*o - 1164 = 0, 0 = 2*k + 3*o - 578. Suppose 4*d - k = -99. Suppose -2*v = v - 2*a - d, 3*v = -2*a + 65. What is the tens digit of v?
1
Let d(v) = v**2 - 6*v - 10. Let q be d(8). Suppose -b + 100 = -q*b. Let r = b - -42. What is the units digit of r?
2
Let h = -1194 - -2411. What is the tens digit of h?
1
Let g be (-6)/(-21) - (-94)/14. Suppose 4*h - g*h = -66. What is the tens digit of h?
2
Suppose -6*b + 3*b = -294. Suppose -3*q = -c + 50, 6*q - q + 2*c + b = 0. What is the units digit of ((-10)/3)/(2/q)?
0
Suppose -27361 - 24440 = -31*u. What is the tens digit of u?
7
Let h(r) = -r - 8. Let y be h(-8). Let u = 44 - 37. Suppose y = -3*i + 52 - u. What is the tens digit of i?
1
Suppose 3*n = 3*h + 4*n - 10621, 0 = 4*h - 3*n - 14157. Suppose -10*c = 2*c - h. What is the tens digit of c?
9
What is the units digit of 60*(-15)/3*48/(-50)?
8
Let w = 149 + -329. Let f(o) = 2*o**2 - 12*o. Let n be f(10). What is the units digit of w/n*16/(-1)?
6
Suppose b + 4 - 8 = 0. Let w be b/(-3)*(-729)/18. Suppose 2*o - w = -0*o. What is the tens digit of o?
2
Suppose -3*m - 7*p = -3*p - 8203, 3*p = -4*m + 10949. What is the tens digit of m?
4
Let j = -448 - -1344. What is the tens digit of j?
9
Let y(v) = -2*v - 3 - 5 + 1 + v. Let j be 3/(-9) + 192/(-18). What is the units digit of y(j)?
4
Let m(h) = -3*h**2 + 119*h - 3. What is the units digit of m(38)?
7
What is the tens digit of 87/58*(1 + 887)?
3
Let h(y) = 5*y**2 - 188. What is the tens digit of h(14)?
9
Let i = -570 + 1229. What is the tens digit of i?
5
Suppose 3*t = 4*c - 81, -4*c - 27 + 109 = -2*t. Let g be 7/(c/(-6)) - -2. What is the units digit of (-3)/(g + (-1)/7)?
1
What is the tens digit of 1/(84/285355) - (-1)/(-12)?
9
Let y(l) = -2*l**3 + 4*l**2 + 4*l + 2. Let k be y(-2). Suppose 27*z = k*z + 163. What is the hundreds digit of z?
1
Suppose -5*g - 23*i + 923 = -24*i, -3*i = -g + 193. What is the tens digit of g?
8
Let n = 0 + 4. What is the units digit of (n - 1)*(-915)/(-9)?
5
Suppose -2*q - 870 = -0*q. What is the units digit of (8/(-12))/(-2*(-1)/q)?
5
Suppose -4*h - 8 = 0, 39 + 9 = 2*g - 4*h. Let n be 2/(g/95)*12. Suppose -47 - n = -2*b - 5*u, -4*b + 298 = 2*u. What is the units digit of b?
3
Suppose -33 = -5*n + 4*n + s, 4*n - 147 = -s. Let y = n + 12. What is the units digit of y?
8
Suppose 0 = 3*c + 7 - 16. Suppose x + c = 2*x. Suppose 6*m - x*m - 189 = 0. What is the units digit of m?
3
Let g = 4394 + -2521. What is the thousands digit of g?
1
Let w(s) be the second derivative of s**4/12 - 2*s**2 + 6*s. Let h be w(-3). Suppose 8 + h = f. What is the units digit of f?
3
Let d(o) = -o**3 + 4*o**2 - 5*o + 6. Let t be d(3). Suppose 2*x + 3*x - 170 = t. What is the units digit of x?
4
Suppose -20*f + 15847 = -16433. What is the units digit of f?
4
Let d = 346 + -247. Suppose 5*k = -14 + d. What is the tens digit of k?
1
Let o = 7 - 4. Suppose -2*h - h = -2*r - 41, o*h - 4*r = 31. Let c = 44 - h. What is the tens digit of c?
2
Let w = -45 - -43. Let b(d) = -22*d**3 - 2*d**2 - 3*d - 1. What is the tens digit of b(w)?
7
Suppose -4*w = 4*q + 61 - 1161, 4*w - 8 = 0. What is the units digit of q?
3
Let t be 1/(3/189) - -4. Suppose 2*f - 25 - t = 0. What is the units digit of f?
6
Suppose -5*r + 25 = 5*z, 0 = 2*r + 3*z - 0 - 6. What is the units digit of (-52)/6*r/(-6)?
3
Suppose -911 = -3*a + d, -70 = -a - 4*d + 251. What is the hundreds digit of a?
3
What is the hundreds digit of ((-4)/6)/((-7)/6468)?
6
Let v = -37 - -40. Suppose v*z - z - 2 = 0. What is the units digit of z?
1
Let x = -589 + 338. Let g = -3 - x. What is the hundreds digit of g?
2
What is the thousands digit of 443612/286 - 3/33?
1
Suppose 15 = -3*l + 78. Let s = 27 + l. Suppose -5*c + s = -47. What is the tens digit of c?
1
Let s(y) = -557*y - 319. What is the units digit of s(-3)?
2
Let z(w) = -4*w**3 - 6*w**2 - 11*w + 4. What is the units digit of z(-4)?
8
What is the thousands digit of 2751 - ((0 - 2) + -5)?
2
Suppose -9*u = -41 - 4. What is the units digit of 1/(-5) - (-526)/u?
5
Suppose -4*p = -0*p. Suppose 4*f + 70 = -5*v, 2*f - 3*v + 19 + 27 = p. What is the units digit of 13 + (-3 - f/4)?
5
Suppose -2*a = c - 3556, -a + 3*c + 2*c = -1756. What is the units digit of a?
6
Suppose 0 = -85*p + 95*p - 5420. What is the tens digit of p?
4
Let r(u) = -u + 7. Let a be r(5). Let z(q) be the first derivative of 7*q**2/2 + 2*q + 18. What is the units digit of z(a)?
6
Suppose 0 = -3*d + 5*q - 16 + 144, 5*d - 207 = 2*q. Let g = 80 - d. What is the units digit of g?
9
Suppose -3*l + 5*h = -1751, l + l - 1182 = -4*h. What is the tens digit of l?
8
Let w(r) = 2*r**2 + 2*r + 12. What is the tens digit of w(-8)?
2
Let s be (1/(-3))/(2/(-12)). Suppose 4*c - 4*i + 24 = -5*i, -5*c - 30 = -s*i. What is the tens digit of 4/(-3)*81/c?
1
Suppose f = -0*f. Suppose f = 2*l + 32 + 18. What is the units digit of 1/(-5) - 980/l?
9
Suppose -3*c - 5*v - 8 = 0, 2*c + 2*v = c - 1. Let h = -31 + c. Let d = 77 + h. What is the units digit of d?
5
Let m(f) = 10*f**2 - 10*f. Let c = 83 + -79. What is the tens digit of m(c)?
2
Suppose 5*n - 19738 = 4*c, -6*c = -5*n - 11*c + 19720. What is the thousands digit of n?
3
Let l(b) = -16*b - 10. Suppose 4 = -o - 0*o. What is the units digit of l(o)?
4
Let s(x) = x**3 + 4*x**2 + 4*x + 4. Let o be (-8)/3*(-45)/(-20). Let d = o + 3. What is the units digit of s(d)?
1
What is the thousands digit of (3 + -1166 - 4)*24/(-18)?
1
Let q = -2 - -7. Suppose 165 = q*x - 290. Suppose 0*a + 68 = 4*o + 4*a, 5*o + 3*a = x. What is the units digit of o?
0
Let z(t) = t**3 + 2*t**2 - 2*t + 4. Let h be z(-3). What is the units digit of h/((-6)/162*(-2)/4)?
4
Suppose 4*f - 4*l = -8, -10 = -8*l + 3*l. Suppose -4*s + 3*r + 316 = f, 3*s + 0*r - 2*r - 238 = 0. What is the units digit of s?
2
Suppose 5*a + 4*r - 507 = 0, 3*a + 511 = 8*a + 2*r. What is the tens digit of a?
0
Let p be 6 + 2 + -5 + 1. Suppose 37 = 5*z + 4*t, p*z + 2*t - 17 = 9. Suppose -z*h + 150 + 30 = 0. What is the tens digit of h?
3
Suppose 9 = 3*h - 3*b, 4*h - 5*b - 15 = h. Suppose h*w + w + 2*k = 29, 0 = 2*w + 3*k - 59. What is the units digit of w?
1
Suppose -17 = -u - 15. Suppose -352 = -u*f - j - 109, 0 = 3*f - j - 352. What is the tens digit of f?
1
Suppose 0 = -3*z - 4*y + 125, 0 = 3*z - 5*y - 83 + 3. Suppose -6*p - p = -z. Suppose -l - 3*q = -5*q - 49, q = p*l - 254. What is the tens digit of l?
5
Suppose -341*x = -337*x - 164. What is the tens digit of x?
4
Suppose -5*x + 5*t = 105, -5*x + 3*x - 4*t = 42. Let m = -66 - x. What is the tens digit of (-88)/(-5) - 18/m?
1
Let i = -7 - -10. Suppose 4*k = -z + 136, -i*k - 2*k - 460 = -4*z. Suppose 0 = 3*m - 5*v - z, -138 = 2*m - 5*m - v. What is the tens digit of m?
4
Suppose 65 = 30*o - 25*o. What is the tens digit of (o - 14)/(1 + 136/(-134))?
6
Let p = -69 - -281. What is the hundreds digit of p?
2
Let s(n) = n**3 - 27*n**2 + 43*n - 51. What is the tens digit of s(27)?
1
Let g(l) be the second derivative of 14*l**3/3 - 11*l**2/2 - 9*l. What is the tens digit of g(2)?
4
Suppose -30*d + 36 = -29*d. Let i = d + -83. What is the tens digit of i/(2/(1 - 3))?
4
Let s(p) = 4*p - 15. Let v be s(5). Suppose 0 = -2*f - 6, 2*b + v*f = b + 52. What is the tens digit of b?
6
Suppose -3 - 18 